 - c. What is f(r)?
0
Let r = -1 + 1. Let p(b) be the first derivative of 1/2*b**2 - 20 - 5*b. Give p(r).
-5
Let h(s) = 3. Let y(b) = -b + 2. Suppose 0 = -8*f + 12*f - 16. Let k(l) = f*y(l) - 3*h(l). What is k(2)?
-9
Let z(x) = -2*x - 8. Let d(t) = -5*t**2 - 2*t**2 + 0*t - 1 + 3*t + t**3 + t. Let k be d(6). Let c(a) = -a**2 - 14*a - 19. Let q be c(k). Determine z(q).
4
Let q(x) = 20*x**2 + x**3 + 22*x**2 - 3*x - 3 - 48*x**2 + 4*x. Calculate q(6).
3
Suppose 0 = -b + 1. Suppose -b = 23*n - 24*n. Let o(y) be the first derivative of -2*y**2 - y + 1. Give o(n).
-5
Let l(y) = 4 + 3 - 5*y - 6*y**2 - 4 - y**3 + 0*y**2. Let w be l(-5). Let u(k) = k + 1. Let q(v) = -4*v - 3. Let n(b) = 2*q(b) + 7*u(b). Determine n(w).
-2
Let q(p) = -40*p - 1 - 45*p + 128*p - 47*p. Suppose 0*z = 5*z + 10. Give q(z).
7
Let i(u) = 8*u**2 + 26*u - 12. Let m(r) = 3*r**2 + 13*r - 6. Let z(h) = 2*i(h) - 5*m(h). Calculate z(10).
-24
Let y(a) be the second derivative of 5*a**3/6 - 13*a**2/2 + 144*a - 1. Calculate y(-6).
-43
Suppose 2*u + 4*l - 18 = 0, -5*u + 3*l = 5*l - 5. Let a(s) = -5*s - 1. Let v be a(u). Let g(k) be the second derivative of -k**3/2 - 7*k. Give g(v).
-12
Suppose 2*o + 9 = o. Let s = -6 - o. Suppose 11 = s*x - 4*w - w, 4*x + 2*w = -20. Let z(h) = 2*h**2 + 3*h - 3. Determine z(x).
6
Suppose -30*x + 15*x - 53 + 173 = 0. Let b(i) = -2*i**2 - 12*i + 11. Let m(y) = y**2 + 11*y - 11. Let z(l) = -2*b(l) - 3*m(l). What is z(x)?
3
Let m(a) = 2*a - 26*a**3 - 8*a**2 + 9 + 25*a**3 + 0*a. Let s(x) = x**3 - 20*x**2 - 25*x + 76. Let n be s(21). Determine m(n).
-7
Let s(t) = -t - 2*t + 4*t + 8*t**2. Let i be 6/8*(-44)/(-11). Let p be (4 + 2 - i) + -4. What is s(p)?
7
Let v(b) be the first derivative of -b**2 + 4*b - 45. What is v(-3)?
10
Let b(u) be the first derivative of u**2/2 + 6*u + 6. Let w be -18 + 0/((-3)/1). Let i = 11 + w. Calculate b(i).
-1
Let r(j) = j - 15. Let b be r(20). Suppose 3*n + b = -13. Let m(v) = v**2 + 5*v - 2. What is m(n)?
4
Let k(c) = 24*c**2 - c - 1. Let g = 366 - 367. Calculate k(g).
24
Let k(g) = -8*g**3 + 17*g**2 + 4*g + 26. Let r(i) = -11*i**3 + 16*i**2 + 5*i + 26. Let t(n) = -4*k(n) + 3*r(n). What is t(-20)?
-6
Let q = -60 - -62. Suppose -q*a + 7 + 7 = 0. Let y(l) = 4*l - 3. Give y(a).
25
Suppose -2*y + 20 = 2*y. Let l(b) = 6 + 3*b**2 + 7*b**2 - 6*b - 11*b**2 + 2*b**2. Calculate l(y).
1
Let l(q) = -q**3 - 250*q**2 + 136*q**2 + 5 - 5*q + 3*q**3 + 123*q**2. Calculate l(-5).
5
Let r(m) be the first derivative of -m**4/2 - m**2 - m - 1. Let n = 74 + -24. Suppose -49*u + n*u = -1. Calculate r(u).
3
Suppose 8*h = 3*h + 25. Let n(q) = q**3 - 4 + 11*q**3 - q**3 - 7*q**2 + 6*q - 13*q**3 + 3*q**3. Determine n(h).
-24
Let n(k) be the second derivative of -k**4/12 - k**3/2 + k**2/2 - 3*k + 124. Determine n(-6).
-17
Suppose -16*z + 37 = -59. Let w(a) = 1. Let g(j) = -j**2 + 6*j + 6. Let o(b) = -g(b) + 6*w(b). What is o(z)?
0
Let q(z) be the first derivative of -z**3/3 + 2*z**2 + z - 803. Let o = 8 - 5. Calculate q(o).
4
Let g(c) = c. Let q(m) = 4*m + 19. Let o(f) = -5*g(f) + q(f). Let v(r) = r**3 + 2*r**2 - r - 2. Let x be v(-2). What is o(x)?
19
Suppose 4*c + 2*f = 64, -3*f + f + 79 = 5*c. Let m = c + -12. Let x(b) = b**m - b + 3*b**2 - 2*b**2 + 9 - 2*b**3. What is x(0)?
9
Let t(v) = -v**2 + 6*v + 3. Let n(c) = -8*c - 28*c**2 - 9 - 1 + 27*c**2. Let m be n(-4). Determine t(m).
3
Suppose -2*o + 16 = 2*k, -4*o + 17 = -5*k + 6*k. Let z(m) be the second derivative of -m**4/4 + m**3/2 + 3*m**2/2 - m. What is z(o)?
-15
Let l(c) = c**3 - 3*c**2 - 3*c + 3. Suppose 0 = 81*y - 91*y + 30. Give l(y).
-6
Let q(d) = 2*d - 18. Suppose -4*f - 36 = 5*w, 0 = 5*f - f + 3*w + 28. Let p be 1/(((-1)/(-15))/(f/(-5))). Determine q(p).
6
Let a be (-142)/(-9) + (-6)/(-27). Let j = a + -14. Suppose z - 3 - j = 0. Let x(o) = -o**3 + 6*o**2 - 6*o + 3. What is x(z)?
-2
Let n(r) = -59*r + 482. Let o be n(8). Let k(j) be the second derivative of 1/12*j**4 - j**2 + 0 - o*j + 0*j**3. Calculate k(3).
7
Let n(u) = -u**2 - 6. Let a = 29 - 11. Let d = a + -14. Let q be (-2)/d*0/6. Determine n(q).
-6
Let i(h) = 4*h - 7. Let y(w) be the first derivative of w**4/4 - 4*w**3/3 - 3*w**2 + 3*w - 1. Let b be y(5). Let l be (-1)/(b*(-5)/(-50)). Determine i(l).
13
Let m(n) = 2*n**2 + 7*n - 11. Let f(z) = z**2 + z - 1. Let u(w) = -f(w) + m(w). Suppose 0 = -3*q + 5*q + 6, -2*q + 22 = -4*v. Determine u(v).
-3
Let n(k) be the second derivative of -k**5/20 - 11*k**4/12 - k**3/6 - 3*k**2/2 - 2*k - 86. What is n(-11)?
8
Suppose 4*a + a - 55 = 0. Let p be 150/(-50)*11/3. Let r = p + a. Let v(f) = -f**3 - f - 4. Determine v(r).
-4
Let f(z) be the second derivative of -z**5/30 - 2*z**2 + 7*z. Let v(p) be the first derivative of f(p). Let r be (-6)/4 - (-2)/4. Give v(r).
-2
Let u(q) be the third derivative of -q**6/120 - q**5/10 + 13*q**4/24 - 3*q**3 + 61*q**2. What is u(-8)?
6
Let z(k) = 7*k + 4. Let p = -75 + 79. Suppose 2*j - 4 = 3*s + s, -p*j - 4 = -4*s. Determine z(j).
-24
Let h(l) = -l + 2. Let g = -948 - -943. Calculate h(g).
7
Let f(p) = 47*p - 8. Let s be f(-1). Let k = s - -63. Let o(w) = w**3 - 9*w**2 + 10*w - 10. Give o(k).
6
Let a(q) = q. Let y(x) = -x**2 - 4*x + 3. Let l(c) = 2*a(c) + y(c). Suppose 10 = -2*s + 20. Suppose -5*t - 14 = 3*n - n, s*n + 2*t = 7. Determine l(n).
-12
Let j = -165 - -149. Let y be (-3 + 2)*j/(-16). Let l(b) = -4*b**3 - b**2 + 1. Give l(y).
4
Let o(u) = 3*u + 12. Let j be o(-6). Let s be (17 - 13)*(j/4 + 1). Let t(k) = -2*k + 2. Determine t(s).
6
Let k(x) = -x**2 - 6*x. Let r(m) = -17*m**3 - 3*m - 2. Let t be r(-1). Let g = -24 + t. Calculate k(g).
0
Let k(c) be the first derivative of 3*c**3 + 9/2*c**2 + 25 + 12*c + 1/4*c**4. What is k(-8)?
4
Let n = 125 + -124. Let o(y) = 15*y**2 - 2*y + 1. Determine o(n).
14
Let o(z) = 4*z**2 - z - 5*z**2 - 3*z**2 + z**2 + z**3 - 4 + 2*z. Calculate o(4).
16
Let f = 11 - 7. Let x(j) = 0 - 4 + 0 - j - f. Let t = -8 + 1. Calculate x(t).
-1
Let z(h) = -7*h - 2 + 5 - 2. Determine z(1).
-6
Let w be 6/14 - 137/(-7). Suppose 3*a - w = -a. Let m(y) = 2 - 2 - 1 - a*y**2. Give m(1).
-6
Let b(q) be the first derivative of -q**2 + 242. Determine b(-6).
12
Suppose 5*v = v + 3*s - 31, 0 = -4*v - s - 11. Let f(m) = 2*m + 4. Determine f(v).
-4
Let k = -3131 - -3142. Let i(a) be the third derivative of -a**6/120 + a**5/6 + 11*a**4/24 + 4*a**3/3 + a**2. Give i(k).
8
Let l(n) = 139*n**3 + n - 170*n**3 + 53*n**3. What is l(1)?
23
Let q(t) be the first derivative of -t**3 - t**2/2 - t + 100. Calculate q(-1).
-3
Let b(h) = h**2 - 13*h + 13. Let n be b(9). Let q = 28 + n. Suppose -5*i = 3*t + 17, 5*t - 4*t + q = -i. Let p(f) = -f**2 - 6*f - 6. Calculate p(t).
2
Let k(p) = 2*p**3 - 2*p**2 - 2*p + 1. Suppose -3*f - 6 = -4*c, -43*f + 49*f - 4*c = 0. Calculate k(f).
5
Let v(m) = 2*m**2 + 10*m - 1. Let g = 61 + -66. Determine v(g).
-1
Let m = -20 + 62. Let y be -3 - 10/(-3) - m/(-9). Let s(k) = -2*k + 7. Determine s(y).
-3
Let g(p) be the first derivative of -p**2/2 - 6*p + 468. Let v be ((-2)/2 - 0) + -4. What is g(v)?
-1
Suppose 6 = 2*b - 0*b. Let w(q) = 4*q - 6. Let a be w(b). Let n = -4 + a. Let s(k) = 2*k + 2. Give s(n).
6
Let v(q) = q + 1. Let j be 4*-1 - (-2 - 36). Let u(h) = 5*h + 6. Let z(p) = j*v(p) - 6*u(p). What is z(3)?
10
Let g(a) = 53 - 143 - 5*a + 49. Calculate g(-6).
-11
Let y(x) = -x**3 + 7*x**2 - 4*x. Let a be (-186)/(-27) + (-37)/(-333). Give y(a).
-28
Let f = 7 + -5. Let s = f + 2. Let c(g) = -g + 0*g + 6*g + 8 - s*g. What is c(-4)?
4
Let j(l) = -1 - 86*l**2 + 1 + 83*l**2. Let o be j(1). Let w(g) = -g**2 - 3*g + 1. Give w(o).
1
Let r be (-3 - 1)*5/(-4). Suppose 2*f + 0*f + 27 = -5*a, r*f = 4*a + 48. Let b(s) = s. Calculate b(a).
-7
Let c(r) be the second derivative of r**5/20 + r**4/4 - 5*r**3/6 - 2*r**2 - r. Let p = 313 + -316. Calculate c(p).
11
Let a(k) = 2. Let g(f) = f + 36. Let b(w) = 6*a(w) - g(w). Determine b(-18).
-6
Let s(j) = -4*j**2 + 9*j - 14. Let m(f) = 6*f**2 - 2*f + 16. Let b(k) = -k**2 - 2*k - 1. Let o(y) = 3*b(y) + m(y). Let a(d) = 5*o(d) + 4*s(d). Calculate a(-6).
-3
Suppose 2*q - 13*q + 99 = 0. Let s(k) = -3*k**3 - 12 + 4*k**3 + q + 6*k**2. What is s(-6)?
-3
Let h(w) = w**2 - w + 1. Let k be (4 - 1)/((-6)/48). Let i = k + 22. What is h(i)?
7
Let h(a) = 52*a**2 + 1. Let l be ((-5)/(-1))/(-1) - (6 + -10). Calculate h(l).
53
